he remainder when 2 is divided by y?
0
Suppose -2*u + 21 = 7*z - 10*z, -3*u = 3*z - 9. Suppose -5*m = 5*p - 245, -2*m = 3*p - u*m - 112. Calculate the remainder when p is divided by 3.
2
Let y(h) = -h**3 - 23*h**2 - 63*h - 419. What is the remainder when 766/7 + 18/(-42) is divided by y(-21)?
21
Calculate the remainder when (-61 + 27)/(3/(-2163)) is divided by 227.
225
Let x(w) = 4*w + 19. Let q be x(-21). Let i = q - -13. Let y = 84 + i. Calculate the remainder when 60 is divided by y.
28
Let l = 12 + 13. Suppose -4*w = m - 6*m + 471, -190 = -2*m + 2*w. What is the remainder when m is divided by l?
16
Let j(u) = u**3 + 10*u**2 - 6*u - 104. Calculate the remainder when 3934 is divided by j(-9).
28
Let k = -179 - -183. Suppose k*f - 114 - 14 = 0. Calculate the remainder when f is divided by 9.
5
Let a be (-4)/(-3)*27*5/60. Suppose k + 15 - 110 = a*d, 2*d + 178 = 2*k. Calculate the remainder when k is divided by 22.
20
Let i(r) = 8*r**2 - 69*r + 1. Calculate the remainder when 358 is divided by i(9).
22
Let z be 2184/(-1 + -5) - (-3 - -3). Let y = z + 373. Suppose f - 26 = 25. What is the remainder when f is divided by y?
6
Let z = 0 + 13. Let l(a) = 68*a - 68. Let m be l(7). Suppose 5*w = -12*w + m. Calculate the remainder when w is divided by z.
11
Let n = 233 + -216. Suppose 5*z - 5*c = 390, -z - 20*c + 90 = -17*c. Calculate the remainder when z is divided by n.
13
Let t be 4/(-18) + (-20)/(-90). Suppose t = h - 4*c - 49, 3*h + 2*c = 4*h - 43. Let m = -1041 - -1055. Calculate the remainder when h is divided by m.
9
Suppose -3*t + 336 = 3*c, t = -5*c + 5*t + 542. Suppose -6*y + y + c = 0. Let d(g) = -1517*g - 4545. What is the remainder when y is divided by d(-3)?
4
Suppose -6*u + y - 340 = -7*u, -y = -5*u + 1700. What is the remainder when u is divided by 82?
12
Let a = -1629 - -1645. Let c(u) = 48*u**3 + 2*u**2 - u. Calculate the remainder when c(1) is divided by a.
1
Suppose 247*o - 203 = -5*m + 250*o, 7 = m + 5*o. Calculate the remainder when 2415 is divided by m.
10
Calculate the remainder when (-1 - -3223) + 7 + (8 - 16) is divided by 5.
1
Let h(r) = -5*r - 9. Let q = 62 + -58. Suppose -2*c = -n + 12, -2*c + 4*c - 8 = -q*n. Calculate the remainder when 43 is divided by h(c).
10
What is the remainder when 3038 is divided by (-12*200/180)/(2/(-3))?
18
Let y = 2309 + -2296. Calculate the remainder when 99 is divided by y.
8
Suppose -10*p = -8*p - 30. Suppose 0 = 5*b + p + 5. What is the remainder when (32/56)/(b/(-574)) is divided by 23?
13
Let g = -8020 + 25361. Calculate the remainder when g is divided by 147.
142
Suppose -22 = -v - 9. Let w be (-2)/17 - (-12864)/102. Suppose 8*r - w = 6*r. Calculate the remainder when r is divided by v.
11
Suppose 156 + 198 = w. Let h be (-16)/40 + w/(-15). Let q = h + 133. Calculate the remainder when q is divided by 28.
25
Suppose 60973 + 37989 = 7*o - 5471. What is the remainder when o is divided by 20?
19
Let z = 13349 - 13114. Calculate the remainder when z is divided by 45.
10
Let j(t) = -4*t + 207. Suppose -129 = 6*o - 171. What is the remainder when j(10) is divided by o?
6
Let h be ((0 - (-1)/2)*6)/1. Suppose -2*y = 6*c - h*c - 103, 2*c = -4*y + 74. Calculate the remainder when c is divided by 19.
14
Suppose -4*r = -3*u + 328, 5*r - 341 + 84 = -2*u. Calculate the remainder when 197 is divided by -9*(-11)/2*u/87.
65
Let q(a) = 19*a**2 + 52*a - 57. What is the remainder when q(5) is divided by 219?
21
Suppose 25*w + 4770 = 62595. What is the remainder when w is divided by 3?
0
Suppose -3*k + 3*p = 6*p - 87, -p = -2. Suppose 13 = -2*v - c, 4*v - c = 3*v - 8. What is the remainder when -7 + (-4 - v) - -110 is divided by k?
25
Let j(i) = 4*i**2 + 27*i + 6. Let x be j(-7). Suppose 138 = x*r - 10*r. What is the remainder when 181 is divided by r?
43
Suppose -15*p - 564 = -9*p. Suppose 3*n = n + 56. What is the remainder when (2 + p/(-6))/(2/6) is divided by n?
25
Suppose 0 = 2*f + 3*p - 207, -6*f + 2*p = -4*f - 192. Suppose f*n - 107*n = -432. What is the remainder when 197 is divided by n?
35
Suppose u + 5*b = 1 - 14, 10 = -4*u + b. Let p be 22/u*(15 + -9). Calculate the remainder when 31 is divided by 2*3/((-24)/p).
9
Suppose 6*z - 67*m - 719 = -68*m, 235 = 2*z + 5*m. What is the remainder when 145 is divided by z?
25
Let d be ((-879)/(-90) - 3/18)*5. Calculate the remainder when 38 - (14 - d/6) is divided by 9.
5
Suppose 365*w - 354*w - 5599 = 0. Calculate the remainder when w is divided by 131.
116
Suppose -i + 2*i = 7. Let q(g) = -g**2 - 14*g - 9. Let w(v) = 2*v - 6. Let n be w(-3). Calculate the remainder when q(n) is divided by i.
1
Let b(x) = -x**2 + 58*x - 770. Let f(n) = -2*n**3 - 6*n**2 + 1. What is the remainder when f(-5) is divided by b(23)?
31
Let m(o) = -3*o - 15. Let z be m(-7). What is the remainder when z/(-27) - 843/(-27) is divided by 13?
5
Let o(a) be the second derivative of -a**5/20 + 5*a**4/12 + 13*a**3/6 + 7*a**2 - 28*a. Let z = -177 - -232. What is the remainder when o(-4) is divided by z?
51
Let n be (0/1 + (-16)/1)/(-1). Let c be (-1222)/(-8) - (44/n + -3). Suppose -10*w + 11*w = c. What is the remainder when w is divided by 31?
29
Let l(y) be the third derivative of y**6/120 + 9*y**5/20 - 5*y**4/24 - 32*y**3/3 - 6*y**2 + 6. What is the remainder when 209 is divided by l(-27)?
67
Let b = -18 + 73. Let x = 50 - b. What is the remainder when 133 is divided by (-7)/(2/x*(-2)/(-4))?
28
Let z(k) = k**2 - 18*k - 3. Let i be z(18). Let f(m) = -4*m**3 - 5*m**2 - 6*m - 10. What is the remainder when f(i) is divided by (-1)/(14/(-170)) + 22/(-154)?
11
Suppose 162 - 672 = 6*y. Let a = -65 - y. What is the remainder when 378 is divided by a?
18
Suppose -3*o = -4*s - 3130 + 7439, 0 = 3*s + 3*o - 3195. Calculate the remainder when s is divided by 87.
28
Let s = -41 + 44. Suppose 2*h - 9 = -s*a, 5*a = -0*h + h + 15. Suppose -3*l - 2*j - 4 = -a, -11 = 3*l + 4*j. Calculate the remainder when 24 is divided by l.
0
Let a = 230 - 92. Suppose -a = -5*h + 67. Suppose 0 = -t - 3*b + 32, 2*b = -t + h - 9. Calculate the remainder when t is divided by 7.
4
Suppose 14*r = -28 + 238. Suppose -r*a + 5771 = 14*a. What is the remainder when a is divided by 25?
24
Let o(t) = -t**3 + 12*t**2 - 3*t + 26. Let b be o(12). What is the remainder when 34 is divided by (-2700)/(-125) - (-6)/b?
13
Suppose 0 = -3*u + 2*u + 15. Suppose 1132 = u*t - 128. Calculate the remainder when t is divided by 30.
24
Suppose -l - 35 = -12. Let i = 17 + l. What is the remainder when (-5772)/(-18) + (-2)/i is divided by 54?
51
Let a = -333 + 787. Suppose 0 = -3*i + 659 + a. Calculate the remainder when i is divided by 22.
19
Let h = 36 + -21. Suppose g = 4*g + 3*a + 3, 3*a = -h. Suppose 8*j = 3*j + 70. Calculate the remainder when j is divided by g.
2
Let d = -210 - -144. Calculate the remainder when 5/10 + (-10449)/(-162) is divided by (2 - d)*(-1)/(-2).
31
Let l = -7779 + 8051. What is the remainder when 513 is divided by l?
241
Let a = -8 - -20. Suppose a*z - 16*z + 100 = 0. Let v = -68 - -141. Calculate the remainder when v is divided by z.
23
Suppose -404*o + 5*l = -403*o - 2331, -2*o + 4599 = -l. What is the remainder when o is divided by 286?
8
Let y(q) = q**2 + 15*q + 7. Let k(r) = -r**2 + r + 4. Let z(a) = k(a) - y(a). What is the remainder when 474 is divided by z(-6)?
6
Let f(u) = -488*u - 1632. What is the remainder when f(-13) is divided by 121?
114
Suppose -18*u = 187 + 11. Let o(g) be the first derivative of -g**4/4 - 4*g**3 - 11*g**2/2 + 16*g - 1. Calculate the remainder when 30 is divided by o(u).
14
Suppose -486 = -k - 830*t + 834*t, -3*k - 3*t = -1578. What is the remainder when 1577 is divided by k?
23
Let i(h) be the first derivative of -h**4/4 + 7*h**3/3 + 23*h**2 - 5*h + 2. Calculate the remainder when 30 is divided by i(11).
13
Suppose 0 = 6*b - 48, -138*r - 10 = -139*r + b. Let p be ((-2)/(-5))/((-1)/5). Calculate the remainder when r is divided by p/(-8) - (-27)/4.
4
Let c = 4426 - 4408. What is the remainder when 1095 is divided by c?
15
Let v(s) = 2*s**2 + 34*s + 159. Calculate the remainder when v(13) is divided by 35.
29
Let k = 12499 + -12395. Let z = 74 - 53. Calculate the remainder when k is divided by z.
20
Let d(h) = h**2 - 15*h + 31. Let w be d(13). Suppose -w*l = -155 - 160. What is the re